the remainder when 20601 is divided by 2030?
301
Calculate the remainder when 9532 is divided by 142.
18
What is the remainder when 36181 is divided by 152?
5
Calculate the remainder when 23872 is divided by 477.
22
What is the remainder when 45122 is divided by 475?
472
What is the remainder when 7207 is divided by 888?
103
Calculate the remainder when 11267 is divided by 845.
282
Calculate the remainder when 87396 is divided by 1079.
1076
Calculate the remainder when 1096191 is divided by 17.
14
Calculate the remainder when 60896 is divided by 300.
296
What is the remainder when 137470 is divided by 55?
25
Calculate the remainder when 23497 is divided by 265.
177
What is the remainder when 112103 is divided by 505?
498
Calculate the remainder when 11499 is divided by 275.
224
What is the remainder when 132657 is divided by 4?
1
What is the remainder when 566170 is divided by 33?
22
What is the remainder when 2348064 is divided by 410?
404
What is the remainder when 145134 is divided by 51?
39
Calculate the remainder when 70248 is divided by 166.
30
Calculate the remainder when 107624 is divided by 17.
14
What is the remainder when 6673 is divided by 15?
13
Calculate the remainder when 22918 is divided by 11459.
0
Calculate the remainder when 3867 is divided by 87.
39
Calculate the remainder when 135057 is divided by 135032.
25
Calculate the remainder when 7652 is divided by 220.
172
Calculate the remainder when 563325 is divided by 16.
13
What is the remainder when 12869 is divided by 4244?
137
Calculate the remainder when 4452207 is divided by 90.
87
What is the remainder when 35148 is divided by 38?
36
What is the remainder when 16208 is divided by 1472?
16
What is the remainder when 23887 is divided by 254?
11
What is the remainder when 1180127 is divided by 322?
319
Calculate the remainder when 4273623 is divided by 679.
676
Calculate the remainder when 56392 is divided by 200.
192
Calculate the remainder when 24754 is divided by 4123.
16
Calculate the remainder when 196892 is divided by 26.
20
Calculate the remainder when 266 is divided by 226.
40
What is the remainder when 104287 is divided by 1132?
143
Calculate the remainder when 999635 is divided by 3057.
3053
What is the remainder when 7531858 is divided by 1106?
1104
What is the remainder when 35828 is divided by 28?
16
Calculate the remainder when 55302 is divided by 5026.
16
Calculate the remainder when 7665 is divided by 500.
165
What is the remainder when 131853 is divided by 656?
653
What is the remainder when 495286 is divided by 808?
790
Calculate the remainder when 1833 is divided by 716.
401
What is the remainder when 8751 is divided by 17?
13
What is the remainder when 271201 is divided by 5?
1
Calculate the remainder when 59669 is divided by 663.
662
What is the remainder when 802 is divided by 70?
32
Calculate the remainder when 379980 is divided by 1496.
1492
What is the remainder when 26706 is divided by 19?
11
Calculate the remainder when 595132 is divided by 547.
543
Calculate the remainder when 2109 is divided by 251.
101
What is the remainder when 66234 is divided by 17?
2
What is the remainder when 62618 is divided by 64?
26
What is the remainder when 363078 is divided by 40?
38
What is the remainder when 238027 is divided by 171?
166
What is the remainder when 25284 is divided by 421?
24
Calculate the remainder when 4294 is divided by 840.
94
What is the remainder when 53053 is divided by 249?
16
What is the remainder when 27176 is divided by 194?
16
Calculate the remainder when 22496 is divided by 11244.
8
Calculate the remainder when 911 is divided by 27.
20
What is the remainder when 44380 is divided by 183?
94
What is the remainder when 2347 is divided by 44?
15
Calculate the remainder when 53110 is divided by 17657.
139
What is the remainder when 30685 is divided by 568?
13
What is the remainder when 6718 is divided by 56?
54
Calculate the remainder when 64125 is divided by 34.
1
What is the remainder when 121170 is divided by 717?
714
Calculate the remainder when 69543 is divided by 175.
68
What is the remainder when 32676 is divided by 8169?
0
What is the remainder when 213 is divided by 200?
13
What is the remainder when 16154 is divided by 118?
106
What is the remainder when 21384 is divided by 4867?
1916
Calculate the remainder when 1907 is divided by 487.
446
Calculate the remainder when 15506 is divided by 41.
8
What is the remainder when 1064 is divided by 531?
2
What is the remainder when 17176 is divided by 716?
708
What is the remainder when 6993 is divided by 292?
277
What is the remainder when 6294 is divided by 60?
54
Calculate the remainder when 11516 is divided by 1437.
20
Calculate the remainder when 2561 is divided by 839.
44
Calculate the remainder when 26337 is divided by 2923.
30
What is the remainder when 40253 is divided by 6708?
5
What is the remainder when 17632 is divided by 33?
10
Calculate the remainder when 29799 is divided by 432.
423
Calculate the remainder when 3065 is divided by 26.
23
What is the remainder when 35991 is divided by 880?
791
Calculate the remainder when 16724 is divided by 13.
6
Calculate the remainder when 4730 is divided by 128.
122
Calculate the remainder when 15336 is divided by 15082.
254
What is the remainder when 3965 is divided by 214?
113
Calculate the remainder when 5038 is divided by 1691.
1656
Calculate the remainder when 1640 is divided by 406.
16
What is the remainder when 6931 is divided by 223?
18
What is the remainder when 568 is divided by 360?
208
Calculate the remainder when 2184 is divided by 649.
237
Calculate the remainder when 135664 is divided by 67829.
6
What is the remainder when 861 is divided by 91?
42
What is the remainder when 39602 is divided by 14?
10
Calculate the remainder when 737 is divided by 583.
154
Calculate the remainder when 2484 is divided by 215.
119
What is the remainder when 32765 is divided by 1214?
1201
Calculate the remainder when 8681 is divided by 48.
41
What is the remainder when 67884 is divided by 188?
16
What is the remainder when 361726 is divided by 8?
6
What is the remainder when 306483 is divided by 3127?
37
Calculate the remainder when 21694 is divided by 29.
2
What is the remainder when 1052 is divided by 1032?
20
What is the remainder when 772 is divided by 664?
108
Calculate the remainder when 33108 is divided by 301.
299
What is the remainder when 426089 is divided by 45?
29
What is the remainder when 847 is divided by 195?
67
Calculate the remainder when 1493422 is divided by 24.
22
What is the remainder when 32211 is divided by 182?
179
What is the remainder when 16146 is divided by 1780?
126
What is the remainder when 123216 is divided by 507?
15
What is the remainder when 15772 is divided by 756?
652
What is the remainder when 5104 is divided by 254?
24
What is the remainder when 11012588 is divided by 67?
66
Calculate the remainder when 737001 is divided by 184246.
17
What is the remainder when 1069 is divided by 975?
94
Calculate the remainder when 23819 is divided by 12.
11
Calculate the remainder when 30713 is divided by 1335.
8
What is the remainder when 9400 is divided by 9330?
70
Calculate the remainder when 72667 is divided by 430.
427
What is the remainder when 1431299 is divided by 260?
259
Calculate the remainder when 67777 is divided by 79.
74
Calculate the remainder when 31253 is divided by 103.
44
Calculate the remainder when 449998 is divided by 50.
48
What is the remainder when 217766 is divided by 326?
324
What is the remainder when 5095628 is divided by 231?
230
Calculate the remainder when 115710 is divided by 989.
986
What is the remainder when 36171 is divided by 3612?
51
What is the remainder when 16905 is divided by 1300?
5
What is the remainder when 182593 is divided by 895?
13
What is the remainder when 16784 is divided by 22?
20
Calculate the remainder when 5040 is divided by 27.
18
What is the remainder when 2180 is divided by 39?
35
What is the remainder when 891 is divided by 301?
289
Calculate the remainder when 2411799 is divided by 40.
39
Calculate the remainder when 778 is divided by 214.
136
What is the remainder when 25253 is divided by 332?
21
Calculate the remainder when 52037 is divided by 19.
15
W